{"id":380,"date":"2023-04-06T20:55:54","date_gmt":"2023-04-06T20:55:54","guid":{"rendered":"http:\/\/baralto.pl\/?page_id=380"},"modified":"2024-06-24T17:02:08","modified_gmt":"2024-06-24T17:02:08","slug":"producent-odziezy-z-czestochowy-baralto-bluzy-koszulki-na-zamowienie","status":"publish","type":"page","link":"https:\/\/baralto.pl\/index.php\/producent-odziezy-z-czestochowy-baralto-bluzy-koszulki-na-zamowienie\/","title":{"rendered":"Producent odzie\u017cy z Cz\u0119stochowy BARALTO. Spersonalizowane bluzy, koszulki i akcesoria z logo i grafik\u0105 na zam\u00f3wienie"},"content":{"rendered":"\n<p class=\"has-upper-heading-font-size\">Baralto to kompleksowa us\u0142uga produkcji odzie\u017cy na zam\u00f3wienie. <br>Od 8 lat zajmujemy si\u0119 produkcj\u0105 asortymentu dla marek odzie\u017cowych, firm i organizacji. <br>Pomo\u017cemy Ci dobra\u0107 odpowiednie materia\u0142y, techniki nadruku oraz pomo\u017cemy w przygotowaniu plik\u00f3w do produkcji. Wiemy jak skomplikowany i trudny jest to proces, dlatego chcemy zaoferowa\u0107 kompleksowa us\u0142ug\u0119 i doradztwo na ka\u017cdym etapie zam\u00f3wienia. <br>Stw\u00f3rzmy razem co\u015b unikatowego!<\/p>\n\n\n\n<div class=\"wp-block-essential-blocks-number-counter  root-eb-counter-tagvtff\"><div class=\"eb-parent-wrapper eb-parent-eb-counter-tagvtff \"><div class=\"eb-counter-tagvtff eb-counter-wrapper\"><div class=\"counter-contents-wrapper\"><h4 class=\"eb-counter-number\"><span class=\"eb-counter-prefix\"><\/span><span class=\"eb-counter eb-counter-number\" data-duration=\"1200\" data-startvalue=\"0\" data-target=\"150000\" data-separator=\" \" data-isshowseparator=\"true\">0<\/span><span class=\"eb-counter-suffix\">+<\/span><\/h4><h3 class=\"eb-counter-title\">Wyprodukowanych sztuk odzie\u017cy<\/h3><\/div><\/div><\/div><\/div>\n\n\n\n<p class=\"has-text-align-center has-normal-font-size\" style=\"margin-top:var(--wp--preset--spacing--30);margin-right:var(--wp--preset--spacing--30);margin-bottom:var(--wp--preset--spacing--30);margin-left:var(--wp--preset--spacing--30)\">Produkcj\u0119 odzie\u017cy wykonujemy jedynie na dzianinach o wysokich gramaturach, pochodz\u0105cych z polskich dziewiarni. <br>Ca\u0142y proces produkcji odbywa si\u0119 w Polsce, zaczynaj\u0105c od materia\u0142u, przez nadruki a\u017c po metki, hafty i nadruki.<\/p>\n\n\n\n<p><strong>Specjalizujemy si\u0119 w szerokim asortymencie:<br><\/strong>&#8211; <a href=\"https:\/\/baralto.pl\/index.php\/producent-bluz-dla-firm-szkol-i-organizacji\/\">Wysokiej jako\u015bci bluzy dresowe z kapturem i bez<\/a><br>&#8211; <a href=\"https:\/\/baralto.pl\/index.php\/koszulki-firmowe-producent-szwalnia-odziezy\/\">Koszulki bawe\u0142niane uszyte w Polsce<\/a><br>&#8211; <a href=\"https:\/\/baralto.pl\/index.php\/polski-producent-plecakow-szwalnia-workow\/\">Worki, plecaki, nerki, saszetki na pas<\/a><br>&#8211; <a href=\"https:\/\/baralto.pl\/index.php\/producent-czapek-dla-firm-z-logo-szwalnia\/\">Czapki zimowe z pomponem oraz beanie<\/a><br>&#8211; <a href=\"https:\/\/baralto.pl\/index.php\/producent-skarpet-z-wlasna-grafika-dla-firm\/\">Kolorowe skarpetki z w\u0142asn\u0105 grafik\u0105<\/a><br>&#8211; Czapki letnie z daszkiem<br>&#8211; Metki tkane HD, metki z eko sk\u00f3ry, ta\u015bmy sublimowane<br>&#8211; Projektowanie nadruk\u00f3w oraz ca\u0142ych produkt\u00f3w<br>&#8211; Pude\u0142ka z w\u0142asnym nadrukiem &#8211; <a href=\"https:\/\/baralto.pl\/index.php\/welcome-pack-dla-pracownika-zestawy-powitalne\/\">Welcome pack<\/a><\/p>\n\n\n\n<div style=\"height:40px\" aria-hidden=\"true\" class=\"wp-block-spacer\"><\/div>\n\n\n\n<div class=\"wp-block-group alignfull wp-block-section mini-section stats-four-columns-section style-one is-style-photobrust-padding-0 has-secondary-background-color has-background is-layout-constrained wp-container-core-group-is-layout-da6817d8 wp-block-group-is-layout-constrained\" style=\"border-style:none;border-width:0px;border-radius:0px;min-height:0px;margin-top:0;margin-bottom:0;padding-top:0;padding-right:0;padding-bottom:0;padding-left:0\">\n<div class=\"wp-block-group alignwide section-heading is-style-photobrust-padding-0 is-layout-constrained wp-container-core-group-is-layout-46b365e2 wp-block-group-is-layout-constrained\" style=\"padding-top:0;padding-right:0;padding-bottom:0;padding-left:0\">\n<div style=\"height:24px\" aria-hidden=\"true\" class=\"wp-block-spacer\"><\/div>\n\n\n\n<h6 class=\"wp-block-heading has-text-align-center has-medium-font-size section-subtitle has-small-font-size\">A je\u015bli potrzebujesz du\u017cej ilo\u015bci&#8230;<\/h6>\n\n\n\n<h3 class=\"wp-block-heading has-text-align-center has-large-font-size\" style=\"margin-top:var(--wp--preset--spacing--50);margin-right:0;margin-bottom:0;margin-left:0;font-style:normal;font-weight:700;line-height:1.4\">Nasze mo\u017cliwo\u015bci produkcyjne<\/h3>\n<\/div>\n\n\n\n<div class=\"wp-block-columns alignwide is-not-stacked-on-mobile stats-four-columns has-upper-heading-font-size is-layout-flex wp-container-core-columns-is-layout-72f10082 wp-block-columns-is-layout-flex\" style=\"border-style:none;border-width:0px;border-radius:0px;margin-top:var(--wp--preset--spacing--30);margin-bottom:0;padding-top:0;padding-right:0;padding-bottom:0;padding-left:0\">\n<div class=\"wp-block-column is-layout-flow wp-container-core-column-is-layout-69fcd244 wp-block-column-is-layout-flow\" style=\"padding-top:0;padding-right:0;padding-bottom:0;padding-left:0\">\n<div class=\"wp-block-group stat-block is-layout-flow wp-container-core-group-is-layout-a0cf9726 wp-block-group-is-layout-flow\" style=\"margin-top:0;margin-bottom:0;padding-top:0;padding-right:0;padding-bottom:0;padding-left:0\">\n<h6 class=\"wp-block-heading has-text-align-center has-primary-color has-text-color has-huge-font-size\">500<\/h6>\n\n\n\n<p class=\"has-text-align-center\"><strong>Nerek<\/strong><br>w 4-5 tyg.<\/p>\n<\/div>\n<\/div>\n\n\n\n<div class=\"wp-block-column is-layout-flow wp-block-column-is-layout-flow\">\n<div class=\"wp-block-group stat-block is-layout-flow wp-container-core-group-is-layout-8a368f38 wp-block-group-is-layout-flow\">\n<h6 class=\"wp-block-heading has-text-align-center has-primary-color has-text-color has-huge-font-size\">1000<\/h6>\n\n\n\n<p class=\"has-text-align-center\"><strong>Bluz<\/strong><br>w 8-12 tyg.<\/p>\n<\/div>\n<\/div>\n\n\n\n<div class=\"wp-block-column is-layout-flow wp-block-column-is-layout-flow\" style=\"padding-top:0;padding-right:0;padding-bottom:0;padding-left:0\">\n<div class=\"wp-block-group stat-block is-layout-flow wp-container-core-group-is-layout-69fcd244 wp-block-group-is-layout-flow\" style=\"padding-top:0;padding-right:0;padding-bottom:0;padding-left:0\">\n<h6 class=\"wp-block-heading has-text-align-center has-primary-color has-text-color has-huge-font-size\">2000<\/h6>\n\n\n\n<p class=\"has-text-align-center\"><strong>T-shirt\u00f3w<\/strong><br>w 9-12 tyg.<\/p>\n<\/div>\n<\/div>\n<\/div>\n\n\n\n<div style=\"height:24px\" aria-hidden=\"true\" class=\"wp-block-spacer\"><\/div>\n\n\n\n<p class=\"has-text-align-center has-tiny-font-size\">Od momentu akceptacji finalnego wzoru. <br>W przypadku dzianin produkowanych na zam\u00f3wienie, czas realizacji mo\u017ce by\u0107 d\u0142u\u017cszy o 2-3 tyg.<\/p>\n\n\n\n<div style=\"height:24px\" aria-hidden=\"true\" class=\"wp-block-spacer\"><\/div>\n<\/div>\n\n\n\n<div style=\"height:15px\" aria-hidden=\"true\" class=\"wp-block-spacer\"><\/div>\n\n\n\n<h3 class=\"wp-block-heading has-text-align-center has-normal-font-size\" style=\"margin-top:var(--wp--preset--spacing--50);margin-right:var(--wp--preset--spacing--30);margin-bottom:var(--wp--preset--spacing--30);margin-left:var(--wp--preset--spacing--30)\">Polski producent odzie\u017cy z Cz\u0119stochowy zaprasza do wsp\u00f3\u0142pracy.<\/h3>\n\n\n\n<p class=\"has-text-align-center has-normal-font-size\">Nie czekaj, opisz nam czego potrzebujesz a my przygotujemy wycen\u0119 i doradzimy jak najkorzystniej wyprodukowa\u0107 Twoje zam\u00f3wienie.<br><\/p>\n\n\n\n<div class=\"wp-block-buttons is-content-justification-center is-layout-flex wp-container-core-buttons-is-layout-a89b3969 wp-block-buttons-is-layout-flex\">\n<div class=\"wp-block-button is-style-fill\"><a class=\"wp-block-button__link has-text-align-center wp-element-button\" href=\"https:\/\/baralto.pl\/index.php\/kontakt\/\" style=\"border-radius:100px\">WYCE\u0143 ZAM\u00d3WIENIE<\/a><\/div>\n<\/div>\n\n\n\n<div style=\"height:40px\" aria-hidden=\"true\" class=\"wp-block-spacer\"><\/div>\n\n\n\n<h2 class=\"wp-block-heading has-normal-font-size\" style=\"margin-top:var(--wp--preset--spacing--50);margin-bottom:var(--wp--preset--spacing--50)\">Producent koszulek z nadrukiem &#8211; Cz\u0119stochowa<\/h2>\n\n\n\n<p>Szyjemy koszulki z wysokogatunkowej bawe\u0142ny ju\u017c od 2 belek materia\u0142u! (ok 160 szt.)<br>Z jednej belki dzianiny 180g otrzymamy ok 80szt. koszulek w danym kroju. <br>Tak\u0105 ilo\u015b\u0107 mo\u017cemy dowolnie podzieli\u0107 na r\u00f3\u017cne rozmiary.<br><br>Przyk\u0142adowe zam\u00f3wienie koszulek z 2 belek materia\u0142u:<br>Czarny T-shirt m\u0119ski: S-10szt. \/ M-20szt. \/ L-30szt. \/ XL-20szt. (80szt.)<br>Bia\u0142y T-shirt m\u0119ski: S-10szt. \/ M-20szt. \/ L-30szt. \/ XL-20szt. (80szt.)<br><br><strong><a href=\"https:\/\/baralto.pl\/index.php\/koszulki-firmowe-producent-szwalnia-odziezy\/\">Zobacz przyk\u0142adowe realizacje koszulek<\/a><\/strong><\/p>\n\n\n\n<h2 class=\"wp-block-heading has-normal-font-size\" style=\"margin-top:var(--wp--preset--spacing--50);margin-bottom:var(--wp--preset--spacing--50)\">Szwalnia bluzy z Cz\u0119stochowy<\/h2>\n\n\n\n<p>Bluzy szyjemy z grubych i ciep\u0142ych dzianin dresowych w gramaturach od 280g do 370g. ju\u017c od 100szt. z koloru i modelu.<br>Przyk\u0142adowe zam\u00f3wienie &#8211; Bluza czarna kangurka m\u0119ska: S- 20szt. \/ M-30szt. \/ L-30szt. \/ XL-20szt.<br>Zobacz przyk\u0142adowe realizacje bluz<\/p>\n\n\n\n<h2 class=\"wp-block-heading has-normal-font-size\" style=\"padding-top:var(--wp--preset--spacing--50);padding-bottom:var(--wp--preset--spacing--50)\">Odzie\u017c reklamowa Cz\u0119stochowa &#8211; Koszulki, bluzy, czapki z nadrukiem<\/h2>\n\n\n\n<p>Je\u015bli potrzebujesz mniejszej ilo\u015bci lub poszukujesz ta\u0144szego rozwi\u0105zania, mo\u017cemy zaoferowa\u0107 <strong>znakowanie gotowych produkt\u00f3w<\/strong>. Wsp\u00f3\u0142pracujemy ze sprawdzonymi dostawcami <strong>odzie\u017cy reklamowej<\/strong>, dzi\u0119ki czemu mo\u017cemy wykona\u0107 znakowanie przy mniejszej ilo\u015bci sztuk np.: 20-30 koszulek lub bluz reklamowych. To bardzo dobre rozwi\u0105zanie je\u015bli planujesz event lub gad\u017cety dla swoich pracownik\u00f3w.<br><\/p>\n","protected":false},"excerpt":{"rendered":"<p>Baralto to kompleksowa us\u0142uga produkcji odzie\u017cy na zam\u00f3wienie. Od 8 lat zajmujemy si\u0119 produkcj\u0105 asortymentu dla marek odzie\u017cowych, firm i organizacji. Pomo\u017cemy Ci dobra\u0107 odpowiednie materia\u0142y, techniki nadruku oraz pomo\u017cemy w przygotowaniu plik\u00f3w do produkcji. Wiemy jak skomplikowany i trudny jest to proces, dlatego chcemy zaoferowa\u0107 kompleksowa us\u0142ug\u0119 i doradztwo na ka\u017cdym etapie zam\u00f3wienia. Stw\u00f3rzmy [&hellip;]<\/p>\n","protected":false},"author":1,"featured_media":0,"parent":0,"menu_order":0,"comment_status":"closed","ping_status":"closed","template":"","meta":{"_eb_attr":"","two_page_speed":[],"footnotes":""},"class_list":["post-380","page","type-page","status-publish","hentry"],"_links":{"self":[{"href":"https:\/\/baralto.pl\/index.php\/wp-json\/wp\/v2\/pages\/380","targetHints":{"allow":["GET"]}}],"collection":[{"href":"https:\/\/baralto.pl\/index.php\/wp-json\/wp\/v2\/pages"}],"about":[{"href":"https:\/\/baralto.pl\/index.php\/wp-json\/wp\/v2\/types\/page"}],"author":[{"embeddable":true,"href":"https:\/\/baralto.pl\/index.php\/wp-json\/wp\/v2\/users\/1"}],"replies":[{"embeddable":true,"href":"https:\/\/baralto.pl\/index.php\/wp-json\/wp\/v2\/comments?post=380"}],"version-history":[{"count":17,"href":"https:\/\/baralto.pl\/index.php\/wp-json\/wp\/v2\/pages\/380\/revisions"}],"predecessor-version":[{"id":1469,"href":"https:\/\/baralto.pl\/index.php\/wp-json\/wp\/v2\/pages\/380\/revisions\/1469"}],"wp:attachment":[{"href":"https:\/\/baralto.pl\/index.php\/wp-json\/wp\/v2\/media?parent=380"}],"curies":[{"name":"wp","href":"https:\/\/api.w.org\/{rel}","templated":true}]}}