{"id":443,"date":"2023-04-08T20:18:43","date_gmt":"2023-04-08T20:18:43","guid":{"rendered":"http:\/\/baralto.pl\/?page_id=443"},"modified":"2025-02-12T16:37:15","modified_gmt":"2025-02-12T16:37:15","slug":"kontakt-2","status":"publish","type":"page","link":"https:\/\/baralto.pl\/index.php\/kontakt-2\/","title":{"rendered":"KONTAKT &#8211; Polski producent odzie\u017cy"},"content":{"rendered":"\n<p class=\"has-text-align-center has-text-link-color has-background-background-color has-text-color has-background has-link-color has-content-heading-font-size wp-elements-68831ffd4bf5e8a0ba038a3665440d69\" style=\"margin-top:0;margin-right:var(--wp--preset--spacing--30);margin-bottom:0;margin-left:var(--wp--preset--spacing--30);line-height:1.2\"><strong>Przygotujemy wycen\u0119 w&nbsp;ci\u0105gu 1-2 dni roboczych.<\/strong><\/p>\n\n\n\n<p>Do wykonania wyceny, pami\u0119taj aby zawrze\u0107 w formularzu najwa\u017cniejsze informacje:<br>&#8211; Rodzaj produktu i ilo\u015b\u0107 sztuk<br>&#8211; Jak ma by\u0107 znakowany &#8211;  hafty, naszywki, nadruk (podaj wielko\u015b\u0107 oraz ilo\u015b\u0107 kolor\u00f3w)<br><br>Je\u015bli posiadasz za\u0142\u0105czniki i wizualizacje super! Wy\u015blij wiadomo\u015b\u0107 tradycyjnie na adres <strong>kontakt@baralto.pl<\/strong><\/p>\n\n\n<style id=\"wpforms-css-vars-623-block-edffde69-2e05-43a5-b551-46c2e0d08830\">\n\t\t\t\t#wpforms-623.wpforms-block-edffde69-2e05-43a5-b551-46c2e0d08830 {\n\t\t\t\t--wpforms-field-border-size: 2px;\n--wpforms-field-border-radius: 10px;\n--wpforms-field-border-color: #00a192;\n--wpforms-field-border-color-spare: #00a192;\n--wpforms-button-border-radius: 50px;\n--wpforms-button-background-color: #00a192;\n--wpforms-field-size-input-height: 50px;\n--wpforms-field-size-input-spacing: 20px;\n--wpforms-field-size-font-size: 18px;\n--wpforms-field-size-line-height: 21px;\n--wpforms-field-size-padding-h: 14px;\n--wpforms-field-size-checkbox-size: 18px;\n--wpforms-field-size-sublabel-spacing: 10px;\n--wpforms-field-size-icon-size: 1.25;\n--wpforms-label-size-font-size: 18px;\n--wpforms-label-size-line-height: 21px;\n--wpforms-label-size-sublabel-font-size: 16px;\n--wpforms-label-size-sublabel-line-height: 19px;\n--wpforms-button-size-font-size: 20px;\n--wpforms-button-size-height: 48px;\n--wpforms-button-size-padding-h: 20px;\n--wpforms-button-size-margin-top: 15px;\n\n\t\t\t}\n\t\t\t<\/style><div class=\"wpforms-container wpforms-container-full wpforms-block wpforms-block-edffde69-2e05-43a5-b551-46c2e0d08830 wpforms-render-modern\" id=\"wpforms-623\"><form id=\"wpforms-form-623\" class=\"wpforms-validate wpforms-form wpforms-ajax-form\" data-formid=\"623\" method=\"post\" enctype=\"multipart\/form-data\" action=\"\/index.php\/wp-json\/wp\/v2\/pages\/443\" data-token=\"8113a32e32d9109cc51feb285d1d05dd\" data-token-time=\"1776701425\"><noscript class=\"wpforms-error-noscript\">Aby wype\u0142ni\u0107 ten formularz, w\u0142\u0105cz obs\u0142ug\u0119 JavaScript w przegl\u0105darce.<\/noscript><div id=\"wpforms-error-noscript\" style=\"display: none;\">Aby wype\u0142ni\u0107 ten formularz, w\u0142\u0105cz obs\u0142ug\u0119 JavaScript w przegl\u0105darce.<\/div><div class=\"wpforms-field-container\">\t\t<div id=\"wpforms-623-field_5-container\"\n\t\t\tclass=\"wpforms-field wpforms-field-text\"\n\t\t\tdata-field-type=\"text\"\n\t\t\tdata-field-id=\"5\"\n\t\t\t>\n\t\t\t<label class=\"wpforms-field-label\" for=\"wpforms-623-field_5\" >\/ Zapytanie \/<\/label>\n\t\t\t<input type=\"text\" id=\"wpforms-623-field_5\" class=\"wpforms-field-medium\" name=\"wpforms[fields][5]\" >\n\t\t<\/div>\n\t\t<div id=\"wpforms-623-field_1-container\" class=\"wpforms-field wpforms-field-text\" data-field-id=\"1\"><label class=\"wpforms-field-label\" for=\"wpforms-623-field_1\">Imi\u0119 \/ Nazwa organizacji <span class=\"wpforms-required-label\" aria-hidden=\"true\">*<\/span><\/label><input type=\"text\" id=\"wpforms-623-field_1\" class=\"wpforms-field-small wpforms-field-required\" name=\"wpforms[fields][1]\" aria-errormessage=\"wpforms-623-field_1-error\" required><\/div><div id=\"wpforms-623-field_3-container\" class=\"wpforms-field wpforms-field-email\" data-field-id=\"3\"><label class=\"wpforms-field-label\" for=\"wpforms-623-field_3\">E-mail <span class=\"wpforms-required-label\" aria-hidden=\"true\">*<\/span><\/label><input type=\"email\" id=\"wpforms-623-field_3\" class=\"wpforms-field-small wpforms-field-required\" name=\"wpforms[fields][3]\" spellcheck=\"false\" aria-errormessage=\"wpforms-623-field_3-error\" required><\/div><div id=\"wpforms-623-field_4-container\" class=\"wpforms-field wpforms-field-textarea\" data-field-id=\"4\"><label class=\"wpforms-field-label\" for=\"wpforms-623-field_4\">Zapytanie \/ Wycena <span class=\"wpforms-required-label\" aria-hidden=\"true\">*<\/span><\/label><textarea id=\"wpforms-623-field_4\" class=\"wpforms-field-medium wpforms-field-required\" name=\"wpforms[fields][4]\" placeholder=\"Jaki produkty Ci\u0119 interesuj\u0105? Czy wiesz ile sztuk potrzebujesz? Opisz jak ma wygl\u0105da\u0107 projekt. Kolory, zdobienia, nadruk.\" aria-errormessage=\"wpforms-623-field_4-error\" required><\/textarea><\/div><div id=\"wpforms-623-field_2-container\" class=\"wpforms-field wpforms-field-text\" data-field-id=\"2\"><label class=\"wpforms-field-label\" for=\"wpforms-623-field_2\">Telefon<\/label><input type=\"text\" id=\"wpforms-623-field_2\" class=\"wpforms-field-small\" name=\"wpforms[fields][2]\" aria-errormessage=\"wpforms-623-field_2-error\" ><\/div><script>\n\t\t\t\t( function() {\n\t\t\t\t\tconst style = document.createElement( 'style' );\n\t\t\t\t\tstyle.appendChild( document.createTextNode( '#wpforms-623-field_5-container { position: absolute !important; overflow: hidden !important; display: inline !important; height: 1px !important; width: 1px !important; z-index: -1000 !important; padding: 0 !important; } #wpforms-623-field_5-container input { visibility: hidden; } #wpforms-conversational-form-page #wpforms-623-field_5-container label { counter-increment: none; }' ) );\n\t\t\t\t\tdocument.head.appendChild( style );\n\t\t\t\t\tdocument.currentScript?.remove();\n\t\t\t\t} )();\n\t\t\t<\/script><\/div><!-- .wpforms-field-container --><div class=\"wpforms-submit-container\" ><input type=\"hidden\" name=\"wpforms[id]\" value=\"623\"><input type=\"hidden\" name=\"page_title\" value=\"\"><input type=\"hidden\" name=\"page_url\" value=\"https:\/\/baralto.pl\/index.php\/wp-json\/wp\/v2\/pages\/443\"><input type=\"hidden\" name=\"url_referer\" value=\"\"><button type=\"submit\" name=\"wpforms[submit]\" id=\"wpforms-submit-623\" class=\"wpforms-submit\" data-alt-text=\"Wysy\u0142anie...\" data-submit-text=\"WY\u015aLIJ ZAPYTANIE\" aria-live=\"assertive\" value=\"wpforms-submit\">WY\u015aLIJ ZAPYTANIE<\/button><img loading=\"lazy\" decoding=\"async\" src=\"https:\/\/baralto.pl\/wp-content\/plugins\/wpforms-lite\/assets\/images\/submit-spin.svg\" class=\"wpforms-submit-spinner\" style=\"display: none;\" width=\"26\" height=\"26\" alt=\"Wczytywanie\"><\/div><\/form><\/div>  <!-- .wpforms-container -->\n\n\n<p class=\"has-tiny-font-size\" style=\"padding-top:var(--wp--preset--spacing--50);padding-right:var(--wp--preset--spacing--50);padding-bottom:var(--wp--preset--spacing--50);padding-left:var(--wp--preset--spacing--50)\"><em>Korzystaj\u0105c z formularza zgadzasz&nbsp;si\u0119 na przechowywanie twoich danych przez t\u0119 witryn\u0119 i kontakt w celu przedstawienia bezp\u0142atnej wyceny.<\/em><\/p>\n\n\n\n<p style=\"margin-top:20px;margin-bottom:20px\"><strong>Minimalne ilo\u015bci produkcyjne (MOQ):<\/strong><\/p>\n\n\n\n<ul class=\"wp-block-list\">\n<li style=\"margin-top:0px;margin-right:0px;margin-left:0px\">Koszulki bia\u0142e, czarne &#8211; 100 szt. \/ wz\u00f3r<\/li>\n\n\n\n<li>Koszulki kolorowe &#8211; 160 szt. (2x80szt)<\/li>\n\n\n\n<li>Bluzy od 120 szt. \/ wz\u00f3r<\/li>\n\n\n\n<li>Skarpety &#8211; 200 par \/ wz\u00f3r<\/li>\n\n\n\n<li>Worki, plecaki, nerki &#8211; 100 szt. \/ wz\u00f3r<\/li>\n<\/ul>\n\n\n\n<p class=\"has-text-align-center has-text-link-color has-background-background-color has-text-color has-background has-link-color has-normal-font-size wp-elements-a373034395c802bfe41d0a06446dedc0\">Je\u015bli chcesz doda\u0107 za\u0142\u0105czniki &#8211; napisz do nas tradycyjnie:<br><br><strong><a href=\"mailto:kontakt@baralto.pl\" data-type=\"mailto\" data-id=\"mailto:kontakt@baralto.pl\">kontakt@baralto.pl<\/a><\/strong><br><strong>(+48) 798 827 441<\/strong><\/p>\n\n\n\n<p><\/p>\n","protected":false},"excerpt":{"rendered":"<p>Przygotujemy wycen\u0119 w&nbsp;ci\u0105gu 1-2 dni roboczych. Do wykonania wyceny, pami\u0119taj aby zawrze\u0107 w formularzu najwa\u017cniejsze informacje:&#8211; Rodzaj produktu i ilo\u015b\u0107 sztuk&#8211; Jak ma by\u0107 znakowany &#8211; hafty, naszywki, nadruk (podaj wielko\u015b\u0107 oraz ilo\u015b\u0107 kolor\u00f3w) Je\u015bli posiadasz za\u0142\u0105czniki i wizualizacje super! Wy\u015blij wiadomo\u015b\u0107 tradycyjnie na adres kontakt@baralto.pl Korzystaj\u0105c z formularza zgadzasz&nbsp;si\u0119 na przechowywanie twoich danych przez [&hellip;]<\/p>\n","protected":false},"author":1,"featured_media":0,"parent":0,"menu_order":0,"comment_status":"closed","ping_status":"closed","template":"","meta":{"_eb_attr":"","two_page_speed":[],"footnotes":""},"class_list":["post-443","page","type-page","status-publish","hentry"],"_links":{"self":[{"href":"https:\/\/baralto.pl\/index.php\/wp-json\/wp\/v2\/pages\/443","targetHints":{"allow":["GET"]}}],"collection":[{"href":"https:\/\/baralto.pl\/index.php\/wp-json\/wp\/v2\/pages"}],"about":[{"href":"https:\/\/baralto.pl\/index.php\/wp-json\/wp\/v2\/types\/page"}],"author":[{"embeddable":true,"href":"https:\/\/baralto.pl\/index.php\/wp-json\/wp\/v2\/users\/1"}],"replies":[{"embeddable":true,"href":"https:\/\/baralto.pl\/index.php\/wp-json\/wp\/v2\/comments?post=443"}],"version-history":[{"count":37,"href":"https:\/\/baralto.pl\/index.php\/wp-json\/wp\/v2\/pages\/443\/revisions"}],"predecessor-version":[{"id":1790,"href":"https:\/\/baralto.pl\/index.php\/wp-json\/wp\/v2\/pages\/443\/revisions\/1790"}],"wp:attachment":[{"href":"https:\/\/baralto.pl\/index.php\/wp-json\/wp\/v2\/media?parent=443"}],"curies":[{"name":"wp","href":"https:\/\/api.w.org\/{rel}","templated":true}]}}